(6 - (-4 + 24 + -7))?
-1
Calculate (0 - 0) + -1 + 6 + -1.
4
Evaluate 0 + 1 + (16 - 15).
2
Calculate 5 - (4 - (3 + -8)).
-4
What is the value of -1 - (-1 + (-3 - -6))?
-3
Evaluate 1 + -1 + (3 - -2 - 0).
5
3 + (0 - -6) + -6
3
Calculate 0 + 8 + (75 - 76).
7
What is the value of -5 + 2 + 10 - 1?
6
(5 + -6 - 6) + 6
-1
Calculate -5 + 14 + -4 + -9.
-4
Evaluate 3 + -7 + 4 - 4.
-4
What is (4 + 0 - 2) + -4 - 1?
-3
What is 6 - 7 - (6 - 9)?
2
What is 6 + -9 + -3 + (3 - 1)?
-4
What is the value of (-16 + (0 - -8) - -9) + 0?
1
What is (-8 + -1 - -6) + 7 + -2?
2
Calculate -34 + 36 - (4 + 0).
-2
Evaluate -6 - (0 + (-3 - 2 - -2)).
-3
What is 5 + -3 - (-10 + 6 + 2)?
4
Evaluate -3 - 1 - ((-2 - 17) + 17).
-2
What is the value of 4 + (0 - 7) + (-7 - -12)?
2
Evaluate (4 + -5 + 5 - -1) + -9.
-4
What is (-3 - -4 - -1) + (7 - 11)?
-2
What is the value of 0 - -8 - (11 - (-3 + -1))?
-7
Calculate -4 - (3 - (-9 - -8)).
-8
What is the value of 6 + -9 + -7 + 15?
5
Evaluate 5 - ((8 - 7) + (-1 - -3)).
2
Calculate (-83 - -77) + -1 + 12.
5
Calculate -1 + (15 - (12 - 5)).
7
What is the value of 4 - (-11 - -15 - 7)?
7
1 + -1 + (0 - -3) + -6
-3
4 + -5 + 0 - (-4 + 1)
2
Evaluate (-5 - -2) + -7 + 8.
-2
Evaluate (7 - (0 + 4) - 11) + 11.
3
What is the value of 7 - (3 - (-5 + 8))?
7
Calculate -5 + (2 + 4 - 9) + -1.
-9
Calculate (-3 + 6 - 1) + 1 + -10.
-7
What is the value of -55 + 54 - (-5 - -1)?
3
Evaluate -1 + -8 + 5 + -2.
-6
What is 1 + -1 + 2 + -195 + 197?
4
Calculate (48 - 42) + (-7 - (-1 + 0)).
0
Evaluate 2 + (-8 - -3) + 1.
-2
Evaluate -3 + -4 + 5 - -8.
6
Evaluate (-11 - -3) + 1 + (1 - 0).
-6
Evaluate 7 + -13 - -4 - (-3 - 3).
4
Calculate 7 + 2 + 11 + -15.
5
Evaluate (4 - (-1 + -3 + 12)) + 5.
1
What is 6 - (-3 + 2 + -2) - 5?
4
What is the value of 9 - (4 + -4 - -5) - -3?
7
What is the value of -20 + 8 - -23 - 15?
-4
What is the value of 39 + -34 - (2 + (0 - -1))?
2
12 - 3 - 5 - -1
5
-1 - -10 - (-6 + 9)
6
Evaluate 1 + (-1 - -1) + -3 + -2.
-4
-12 - (5 + (-2 + -11 - -4))
-8
Calculate 0 - 0 - 5 - 1 - -3.
-3
What is the value of -7 + -1 - -4 - -9?
5
(69 - 71) + 2 + 5
5
Calculate -3 + -1 + -2 - (5 + -10).
-1
Evaluate -10 + (1 - -4) - -9.
4
What is 4 - ((1 - -1) + -2) - 3?
1
(-14 - (-4 - 2)) + 7
-1
What is the value of 1 + -1 + 2 + (1 - 4)?
-1
Evaluate 0 + 9 + -14 - -1.
-4
What is the value of 6 + (-8 - 3 - -1) - 3?
-7
What is 84 + -79 + 1 + -4?
2
What is -2 + -6 + 5 - -10?
7
Calculate -1 + (5 - (3 + -2)) + -1.
2
(1 - 8) + (101 - 94)
0
What is the value of 5 + 3 + (6 - 6) + -7?
1
Calculate -4 + (1 + 1 - (2 + 0)).
-4
What is (-6 - 1 - -11) + -9?
-5
(-6 - -5) + 2 + 10 + -21
-10
Calculate -13 - -12 - (-6 - 1 - -1).
5
Evaluate 6 + -10 + (-1 + 3 - -2).
0
Calculate 4 + 2 + 51 + -54.
3
Calculate (-4 - -2) + (2 - -1).
1
Calculate -1 + (-1 - (-4 - -2)).
0
-3 + 3 + -7 + 8 + 4
5
What is the value of (0 - 0) + -2 + 0?
-2
What is the value of 2 + 10 - 6 - 6?
0
What is -1 - (3 + -2 + -3 + 0)?
1
What is 6 - (0 + 1 - -5) - -6?
6
What is -6 + 1 - (-1 + -7)?
3
Evaluate 1 + -1 + (1 - 7 - -3).
-3
What is the value of 9 + (1 - (0 + 8))?
2
1 + -4 + (-9 - -2 - -5)
-5
Evaluate 2 + -2 - (-2 - (7 - 11)).
-2
What is the value of (0 - (-3 - (-4 + 5))) + 2?
6
What is -1 + 5 - (9 + -6)?
1
What is -1 - (-3 - -6 - 0)?
-4
What is (-17 + 5 - -6) + 2?
-4
Calculate 8 + -13 + (-1 - -14).
8
0 - 2 - (-10 + 5)
3
What is the value of -1 - (0 - 9 - (-3 + -1))?
4
Calculate (-317 - -317) + 1 + -1 + -1.
-1
Calculate -3 + (12 - (5 - -2)) + -4.
-2
Evaluate 6 + (-11 - -12 - -1).
8
Calculate (1 - (4 - 9)) + -2.
4
Evaluate -6 - -9 - 0 - -3.
6
What is the value of -1 - -7 - (21 + -18)?
3
What is the value of 2 + 5 + (-2 - 4)?
1
Evaluate 9 - (8 - 11 - -9).
3
What is 6 + (-7 - (1 + -5))?
3
Calculate -2 - ((-5 - -2) + 1).
0
Evaluate -3 + (-1 - 1) - -5 - -3.
3
What is -4 - -1 - (1 + 5 - 12)?
3
Calculate -31 + 29 - (0 - (-13 - -4)).
-11
8 - 1 - (72 + -65)
0
(1 - 1) + -2 - -3 - 3
-2
What is the value of -3 - (-3 + -3 - -2) - -5?
6
What is the value of (1 - -1) + -6 + 1 - 7?
-10
What is the value of 6 + (13 - 4) - 7?
8
Evaluate 0 + -1 + 2 + (-5 - -8).
4
What is the value of -4 + 1 + (5 - (-1 + -2))?
5
Calculate 6 + (1 - 4) + (1 - 2).
2
Evaluate 3 - 2 - (0 + 4) - -8.
5
What is the value of 1 + (-2 - -4) + 22 + -26?
-1
What is -5 - (-4 - ((-1 - 4) + 4))?
-2
What is the value of -10 - ((-3 - -6) + -8)?
-5
Evaluate 3 - (-1 - (-3 - 3)).
-2
Evaluate (0 - (-2 - -5)) + 4.
1
Evaluate (0 - 6) + (19 - 23) - -5.
-5
What is the value of 2 - (-3 - -7 - 0) - 1?
-3
What is (6 - -4) + -3 - 0?
7
Evaluate 7 + -8 - -13 - 7.
5
Evaluate 4 + -6 - (-10 + 5).
3
Evaluate -1 + (0 - (2 + -1)).
-2
What is 0 - (-4 - (4 + 0 - 12))?
-4
-5 + 3 + 5 - (0 + 0)
3
1 + (0 - 6) + 4 + -8
-9
Evaluate -2 + -3 + 5 + 2.
2
What is the value of -1 + -2 + (-20 - -19)?
-4
What is the value of 2 - (-7 - ((-11 - -8) + -4))?
2
Calculate 2 - (-2 - (-2 + 0 - 4)).
-2
Calculate 4 - (-1 + 4 + 2 + -1).
0
Calculate (-4 + 16 - 16) + (-2 - -14).
8
Evaluate -4 + 0 + 4 + (-5 - -8).
3
Evaluate -1 + (-1 - (6 + (-7 - -4))).
-5
Evaluate (-5 + 10 - 1) + -4.
0
What is the value of -9 + (-4 - -9) + 10?
6
What is 2 + -6 + 1 + -1?
-4
Calculate 8 + -1 - (2 - -1).
4
Evaluate (4 - 1) + (-15 - -8).
-4
What is the value of 10 + 1 + -6 + 2 - 0?
7
21 + 15 + -24 - 5
7
What is the value of 0 + 4 + (3 - -3) + -9?
1
Evaluate 5 - (0 + 1) - (10 + -1).
-5
What is -1 - -10 - (-3 + 7) - 0?
5
What is -2 - ((-11 - -8) + 1 + 2)?
-2
Evaluate 10 + (0 - 7) - (6 + -1).
-2
Calculate (-2 - (5 - 11)) + -2.
2
Evaluate (-4 - (10 + -7)) + 8 + -5.
-4
Evaluate (-1 + 6 - 1) + -6.
-2
What is the value of (7 + -14 - 8) + 7?
-8
What is (1 - 5) + 6 - -2?
4
What is the value of -4 - (-5 + 8) - (-21 + 7)?
7
What is -4 - (11 + -12 + -10)?
7
-2 + (4 - 0) + (-3 - -5)
4
-1 + 2 + -3 - (-5 - -1)
2
-1 + 4 - (-3 - (2 - 3))
5
0 + 3 + -6 + 11 + 0
8
Calculate (-6 - -5) + 5 - 9.
-5
Calculate (2 - 10) + 14 - 9.
-3
-9 + 1 - (141 - 142)
-7
Calculate -1 - (4 + 2) - (-10 - -8).
-5
-1 - (4 + 1) - (-1 + -6)
1
(24 - 29) + (0 - 1) + 4
-2
Calculate 0 + (0 - -1 - -1) + 2.
4
Calculate -8 + (-2 - -20) + -3.
7
Calculate 0 - (-2 + -1 + 4).
-1
What is the value of -6 + (2 - -7) - 5?
-2
4 - 3 - 7 - -6
0
What is 11 - ((-5 - -1) + 2 + 6)?
7
What is (-3 + 1 - 1) + 3?
0
Calculate 5 + (-10 - 5) + 3.
-7
Evaluate -7 + (5 - 2) + 6.
2
Calculate (-1 - -5) + 3 + (-1 - 11).
-5
-1 - -4 - ((-2 - -10) + -11)
6
-1 + 4 + (-22 + 9 - -9)
-1
What is the value of 6 + (-1 - (6 + -2))?
1
Evaluate -5 + 4 + -4 + 2.
-3
6 + 0 - (-5 - (-16 + 7))
2
What is the value of 2 + 2 + -3 + 2?
3
Calculate (34 - 31) + (-3 - -6).
6
6 + -1 + 4 + -6
3
What is the value of (-3 - -3) + (3 - (6 - 2))?
-1
Evaluate 5 - (3 - (1 + -2)).
1
Evaluate -3 - -1 - (-7 - (7 - 14)).
-2
Calculate 3 + -6 + (4 + -1 - 0).
0
-7 - -13 - (-1 + (3 - 2))
6
(2 - 5) + 6 - 5
-2
Calculate 0 + (4 - (4 + 0)) - -3.
3
0 + (0 - (-1 + -2))
3
Evaluate -6 - (35 - 56 - (-9 + 2)).
8
Calculate -5 - (7 + -6 + -8).
2
What is -4 - (-29 + 9) - 9?
7
What is the value of 6 + -3 + 28 + -31?
0
-5 - (2 + 1 + -5 + -1)
-2
What is 1 + -6 + (-64 - -68)?
-1
Calculate 5 + (-7 - (3 - 4 - 4)).
3
-5 - (-10 - -11) - (-7 + -2)
3
What is the value of 0 - 0 - (-7 + -1 + 3)?
5
0 - 1 - (-94 + 93)
0
What is -8 + (3 - -1) - -3?
-1
Calculate 8 - (-4 - (-5 - 2)).
5
Evaluate -1 - 10 - -13 - (1 + -10).
11
7 + (2 - (3 - -2))
4
What is 0 - 0 - ((3 - 5) + 0)?
2
What is (25 - 28 - (5 - 2)) + 3?
-3
What is the value of 0 - (2 - 1 - (-5 + 1))?
-5
Evaluate 7 + -7 + 2 + -2 - 1.
-1
Evaluate (84 - 92) + (-2 - -18).
8
What is -1 - (4 - (5 - 3))?
-3
What is (-1 - -3) + -1 + 3 + 1?
5
Calculate 2 + -6 + 10 + -6.
0
4 - (5 - (0 + 4 + 0))
3
Calculate -4 - (-2 + -1 + 1).
-2
Evaluate (0 - (-1 - (4 + -4))) + 3.
4
Evaluate -8 - -7 - -2 - -1.
2
10 + -3 - (4 + 2)
1
Calculate (2 - (1 - 2) - 7) + 2.
-2
Calculate 8 + -5 + (-5 - (5 + -4)).
-3
(6 - 6) + 0 + 0
0
What is 3 + 0 - -1 - (-2 - -7)?
-1
Evaluate -2 - 2 - (-4 + -2).
2
What is the value of (12 - 4) + -2 - 1?
5
Calculate 4 + (6 + -4 - (10 - 4)).
0
5 + 4 + -2 + -2 + -2
3
Calculate (1 - (-8 + 4)) + (-13 - -1).
-7
What is -8 - (2 - 14) - 15?
-11
What is the value of 9 + -10 - (6 + -2)?
-5
-3 + (3 - 3) - -6
3
Calculate 0 + 1 - (-3 + 3 + 1).
0
What is the value of -13 - (-3 + -7) - (1 + 2)?
-6
Evaluate 5 + -7 - (0 - 6).
4
-2 + 9 + -7 + -6 + 4
-2
(4 - -1) + -4 + -